 + 223 + 147. What is the units digit of d?
5
Suppose 0 = -3*a - 2*a + 75. Let v = -3 + a. Let h = v + -8. What is the units digit of h?
4
Let n(i) = -i**2 - 8*i + 7. Let l(s) = s**2 + 1. Let d(h) = -2*l(h) - n(h). Let c be d(6). Suppose -19 = -c*p + 23. What is the units digit of p?
4
Suppose 4*w - 36 = -0*w. Suppose -z = z + 5*k - 21, -k = -4*z + w. Suppose -z*r = -r - 18. What is the units digit of r?
9
Let s = 32 + -23. Suppose y = 2*y - s. What is the units digit of y?
9
Let v(a) = a - 1. Let z be v(2). Let p(x) = 2*x**3 + 3*x**2 - 3 - 2 - 2*x**2 + 6 - x. What is the units digit of p(z)?
3
Let z = 56 - 48. What is the units digit of z?
8
Suppose -q - 38 = -5*n - 2*q, -2*q = 3*n - 20. What is the units digit of n?
8
Let l(w) = w**3 + 6*w**2 + 5. What is the units digit of l(-6)?
5
Let b = 451 + -322. What is the units digit of b?
9
Let g be 4/(-2)*(-4 - -2). Let c(i) = i**2 - 4*i + 2. What is the units digit of c(g)?
2
Suppose -8*n + 16*n - 2216 = 0. What is the tens digit of n?
7
Let k be (0/(-5 + 2))/(-1). What is the tens digit of k - (-2 + 0) - -19?
2
Suppose 2*m = 3*m - 5. Suppose m*v + 4*q - 106 = 0, -64 = -4*v - 0*v + 2*q. What is the tens digit of v?
1
Let f(k) = 91*k**2 + 3*k + 1. What is the tens digit of f(-2)?
5
Let z = 20 + -15. Suppose 105 = 5*b + z*n, -5*b + 4*n = -n - 75. What is the units digit of b?
8
Let i = -8 - -16. What is the units digit of i?
8
Let w(k) = 2*k**3 + 5*k**2 - 6*k + 3. What is the units digit of w(2)?
7
Let f = -6 - -8. Suppose -f*o + 5 - 1 = 0. Let m(w) = 9*w + 1. What is the tens digit of m(o)?
1
Suppose m = v - 280, -7*v = -12*v - 2*m + 1400. What is the units digit of v?
0
Suppose 7*u - 57 = 4*u. What is the units digit of u?
9
Let k(y) = -3*y + 5*y + 4*y + 12 - y. What is the units digit of k(8)?
2
Let w = 5 - 13. Let s(z) = -z**3 - 7*z**2 + 9*z + 7. Let o be s(w). What is the units digit of ((-4)/8)/(o/16)?
8
Let z(v) = -2*v**2 + 7*v + 8. Let a(b) = -3*b**2 + 10*b + 12. Let l(n) = -5*a(n) + 8*z(n). What is the units digit of l(5)?
9
Suppose -3*x + 9 = 3*c, c + 0*x - x - 9 = 0. Let a be ((-3)/c)/(4/(-8)). Let h = 9 + a. What is the units digit of h?
0
Let b(s) = 13*s**2 - 2*s - 2. What is the hundreds digit of b(3)?
1
Suppose 8 = -a - 4. Let s be a/8*10/(-3). Let x(f) = -f**3 + 5*f**2 + f + 5. What is the tens digit of x(s)?
1
Let p = 8 - 7. Suppose 0 = n + 3, 4*n + 19 - p = a. What is the units digit of (-6)/(-9) + 44/a?
8
Let r(i) = i**3 + 7*i**2 + 7*i - 6. Let c be r(-6). Let a(u) = -6*u + 4. Let o be a(-3). Let z = c + o. What is the tens digit of z?
1
What is the units digit of 3 - (-7)/(14/30)?
8
Let q be (-2)/3 + 4/(-3). Let z be 1/(0 - q)*12. What is the units digit of -4 + z + 1*4?
6
Suppose 3*w - s = -0 + 1, -5*w + 3*s = -3. Suppose -5*k - 2*l + 1 = w, k + 3*k + 5*l = 11. Let p(b) = -b**3 + b**2 - 1. What is the units digit of p(k)?
1
Suppose r = -2*r + 4*w, -2*r - 2*w = 0. Suppose r = -2*b + 6, m - b - 5 = b. Let i = 19 - m. What is the units digit of i?
8
What is the tens digit of 2*1/(-4) + (-29)/(-2)?
1
Let n = -56 - -312. What is the tens digit of n?
5
Let f(h) = -39*h + 1. Let z be f(1). Let k = 66 + z. What is the tens digit of k?
2
Let i be (6 - 1) + 1 + 1. Let n(a) = a - 12. Let p be n(i). Let z = p - -8. What is the units digit of z?
3
Let v(l) = l**3 + l**2. Let h be v(-1). Let y = 3 - -1. Suppose h*b = -y*b + 60. What is the units digit of b?
5
Suppose 2*j + 0*j = 4*u + 20, 16 = j - 5*u. Suppose 0 = z - 17 - j. What is the tens digit of z?
2
Let r(h) = -h + 10. Let c(n) = -n**3 + 6*n**2 + 6. Suppose 14 = 3*x - 4. Let s be c(x). What is the units digit of r(s)?
4
Let g(r) = -86*r + 1. What is the units digit of g(-1)?
7
Suppose 4 = -s, -2*s + 1035 = 3*l + 272. What is the units digit of l?
7
Let g(d) = d**2 + 7*d + 5. Let a be g(-5). What is the tens digit of (a/10)/((-3)/138)?
2
Let a(b) = -b**2 - 7*b - 4. Let m(c) = 6*c + 6. Let u be m(-4). Let f = u + 13. What is the units digit of a(f)?
6
What is the units digit of 12/(-8) + 63/2?
0
Let g be (-1)/(-6) - (-862)/12. Let n = g + -108. What is the units digit of (-2)/(-4) - n/8?
5
Let x(j) = 2*j - 2. Let o be x(2). Suppose 5*n = -5*g + g + 50, o*g - 5*n = 10. What is the tens digit of g?
1
Let c(a) = -28*a - 10. What is the units digit of c(-3)?
4
Suppose -1157 = -7*c + 1818. What is the tens digit of c?
2
Let r = -4 - -1. Suppose 49 - 19 = -5*x. Let l = r - x. What is the units digit of l?
3
Suppose -2*z + 140 = 2*z. Suppose z = 4*h - 5*y, -3*h - 2*y - 3*y = -70. What is the units digit of h?
5
Let s be 272/(-40) + 2/(-10). Let i = s - -14. Suppose 0 = -3*r - 3*q + 42, -54 = -5*r + i*q - 4*q. What is the units digit of r?
2
Suppose m - y = -2, -4*m - y = 2*y - 20. Suppose -18 = -m*g - 0*g. What is the units digit of g?
9
Suppose p = 4*n - 433, 35 + 82 = n - 2*p. What is the tens digit of n?
0
Suppose -2*x + 4*p = 4, 3*p = 4*x + 5*p - 22. Suppose -x*s = -66 - 18. What is the units digit of s?
1
Let a(d) = d**3 - 2*d**2 + d - 2. Let q be a(2). Suppose -j + 3*j - 4 = q. Suppose 0 = 2*z - 1 - 3, 0 = 2*i - 4*z - j. What is the units digit of i?
5
Let a be (18 - 68)*1/2. Let z = a + 32. What is the units digit of z?
7
Suppose i - s + 41 = 4*i, 0 = -i + 5*s + 19. Suppose 3*x = x + i. What is the units digit of x?
7
Suppose -6*g = -2*g - 464. What is the tens digit of g?
1
Let v = -6 + 13. Let d = 20 - v. Suppose 3*l - d = -1. What is the units digit of l?
4
Suppose -g = 2*g - 6, 0 = 3*w - 2*g - 206. Suppose 4*c + c - w = 0. What is the units digit of c?
4
Suppose 2*b + 13 = 3, 0 = 4*l - 2*b - 34. Let a(r) be the third derivative of r**4/8 - 7*r**3/6 + 2*r**2. What is the units digit of a(l)?
1
Suppose 0 = r + 7 - 18. What is the units digit of r?
1
What is the units digit of 2/(-4)*(-76 - 2)?
9
Let a = -156 + 288. What is the tens digit of a?
3
Let x = -2 - -10. Suppose -6 = -2*a, -i - 4*i + a - x = 0. What is the units digit of -3 + 6 + (-2 - i)?
2
Suppose 2*c - 1 - 9 = 0, 0 = -4*x - 3*c + 35. Let d(o) = o**2 - 5*o + 6. What is the units digit of d(x)?
6
Let j(t) = -7*t**3 + 3 - 4*t**2 + 3*t**3 + 5*t**3 + 2*t. What is the tens digit of j(4)?
1
Suppose -4*z + z = -6. Let l = 11 - 0. Let j = l - z. What is the units digit of j?
9
Suppose -x + 4*d = -37, -2*x + 5*d + 260 = 3*x. Suppose 111 + x = 4*i. What is the units digit of i?
2
Let p be (-5)/7 - (-4)/(-14). Let l be 1 - (5 - p)/(-3). Suppose l*i - 28 = i. What is the units digit of i?
4
Suppose 0*q = q + 9. What is the units digit of q*4/(-6)*1?
6
Suppose -3*v + 3 = -2*v. Suppose 0 = l + v*l, -20 = -4*y - l. What is the units digit of y?
5
Let a be 0 - 0 - 2*-1. Suppose -2*r - 3*r + 4*u + 6 = 0, -2*r = -2*u - a. Suppose -6*i = -r*i - 40. What is the units digit of i?
0
Suppose -25*l + 78 = -23*l. What is the tens digit of l?
3
Suppose 5*g = 2*g + 9. What is the units digit of g?
3
Let k(l) = -l**2 - 11*l + 13. What is the tens digit of k(-10)?
2
Suppose 5*d = -4*u + 165, u + 3*d - 39 = d. What is the units digit of u?
5
Let p be (-2)/(4/6) + -27. What is the units digit of 1/3 + (-1220)/p?
1
Let t be (16/(-20))/(2/(-5)). Let j = -2 + t. Suppose 2*n - 3*i - 8 = -3*n, 3*n + 3*i = j. What is the units digit of n?
1
Let j(a) = -35*a - 20. What is the hundreds digit of j(-4)?
1
Let n = 18 - 9. Let h be (-4)/(-18) - (-169)/n. Suppose -23 - h = -3*g. What is the tens digit of g?
1
Let s = 20 - -21. What is the units digit of s?
1
Let p(n) be the third derivative of 17*n**4/24 - n**3/2 + 3*n**2. What is the tens digit of p(2)?
3
Let j(s) = 8*s**2 + 5 + s - 9*s - 3*s + 3*s**3 - 4*s**3. What is the units digit of j(5)?
5
Suppose 3*u - 29 = 4. Let b = u + -8. What is the units digit of b?
3
Let i(n) = -n**2 - 4*n - 2. Let z(a) = -a**2 + 1. Let m(r) = i(r) - 2*z(r). Let h be m(6). Let y = h + -6. What is the units digit of y?
2
What is the hundreds digit of (-3*3/(-18))/((-1)/(-218))?
1
Let g be (55/(-4))/(3/(-24)). Suppose 2*x - 7*x + g = 0. What is the tens digit of x?
2
Suppose -f + 2*f - 3 = 0. Let b(m) = -m**2 + 3*m - m**2 - 1 + m**3 - 2*m**2 + 2. What is the units digit of b(f)?
1
Let f(r) = -r**3 + 7*r**2 - 5*r - 4. Let b be f(6). Let g be ((-1)/b)/((-2)/8). Suppose 1 = -g*p + 23. What is the tens digit of p?
1
Suppose -2 = -q - 4. Let p be (-2 - -1)/(q/6). Let n(g) = -g**3 + 2*g**